20
Calculate the highest common divisor of 10 and 40.
10
What is the highest common factor of 7 and 553?
7
Calculate the highest common divisor of 104 and 50.
2
What is the highest common divisor of 28 and 259?
7
What is the greatest common factor of 55 and 121?
11
Calculate the greatest common divisor of 135 and 5130.
135
What is the greatest common factor of 63 and 18?
9
Calculate the greatest common factor of 378 and 3078.
54
Calculate the highest common factor of 153 and 16677.
153
Calculate the greatest common divisor of 31440 and 720.
240
Calculate the greatest common factor of 4953 and 143.
13
Calculate the greatest common divisor of 405 and 162.
81
What is the greatest common factor of 60 and 195?
15
Calculate the highest common divisor of 690 and 30.
30
What is the greatest common divisor of 34021 and 13?
13
What is the highest common factor of 184 and 40?
8
What is the highest common factor of 920 and 40?
40
Calculate the highest common factor of 73388 and 56.
28
Calculate the greatest common factor of 468 and 180.
36
Calculate the highest common divisor of 4 and 148.
4
What is the highest common factor of 30 and 126?
6
What is the highest common factor of 2248 and 16?
8
What is the highest common factor of 486 and 216?
54
Calculate the greatest common factor of 62 and 2.
2
What is the highest common divisor of 598 and 78?
26
Calculate the greatest common divisor of 92 and 4.
4
What is the greatest common factor of 56 and 32?
8
What is the highest common divisor of 87 and 222?
3
Calculate the highest common factor of 380 and 133.
19
What is the greatest common divisor of 10884 and 156?
12
What is the greatest common divisor of 340 and 1292?
68
What is the highest common factor of 121 and 11?
11
What is the highest common factor of 343 and 28?
7
What is the highest common factor of 77 and 275?
11
What is the highest common divisor of 88 and 20284?
44
Calculate the greatest common divisor of 7 and 329.
7
Calculate the highest common divisor of 161 and 14.
7
Calculate the highest common factor of 27 and 1143.
9
Calculate the greatest common factor of 57 and 4066.
19
What is the highest common divisor of 2159 and 17?
17
What is the greatest common divisor of 6461 and 91?
91
What is the highest common factor of 5100 and 24?
12
What is the highest common divisor of 156 and 546?
78
Calculate the greatest common factor of 822 and 108.
6
Calculate the highest common factor of 55 and 57035.
55
Calculate the greatest common divisor of 45351 and 9.
9
What is the greatest common divisor of 11 and 35299?
11
Calculate the greatest common factor of 52 and 169.
13
What is the highest common divisor of 16 and 416?
16
What is the greatest common divisor of 36 and 306?
18
Calculate the highest common factor of 899 and 203.
29
What is the highest common divisor of 156 and 114?
6
What is the highest common factor of 35 and 2100?
35
What is the highest common divisor of 1786 and 1222?
94
What is the highest common divisor of 12 and 15?
3
What is the greatest common factor of 1168 and 3358?
146
Calculate the highest common divisor of 6 and 402.
6
Calculate the greatest common factor of 28 and 546.
14
Calculate the greatest common divisor of 272 and 306.
34
What is the greatest common divisor of 494 and 16055?
247
What is the highest common divisor of 186 and 34410?
186
Calculate the highest common factor of 15 and 8775.
15
Calculate the greatest common divisor of 224 and 336.
112
What is the greatest common factor of 234 and 27?
9
What is the greatest common divisor of 552 and 69?
69
Calculate the greatest common divisor of 518 and 296.
74
What is the greatest common divisor of 91 and 224?
7
What is the greatest common divisor of 7791 and 530?
53
What is the greatest common divisor of 2 and 166?
2
Calculate the greatest common divisor of 51 and 15657.
51
Calculate the greatest common divisor of 6 and 27.
3
What is the greatest common divisor of 114 and 266?
38
Calculate the greatest common factor of 54 and 26298.
54
What is the highest common factor of 66 and 12?
6
What is the highest common divisor of 4 and 284?
4
What is the greatest common factor of 27 and 3447?
9
What is the highest common divisor of 4 and 5?
1
What is the greatest common factor of 6 and 246?
6
Calculate the greatest common factor of 32 and 3512.
8
What is the greatest common divisor of 2700 and 10?
10
Calculate the greatest common factor of 1456 and 119.
7
Calculate the highest common divisor of 56 and 1064.
56
What is the highest common factor of 7 and 4?
1
Calculate the greatest common divisor of 27 and 1107.
27
What is the greatest common factor of 459 and 1343?
17
Calculate the highest common divisor of 30 and 270.
30
What is the greatest common factor of 168 and 2058?
42
Calculate the greatest common factor of 10387 and 884.
221
Calculate the highest common divisor of 22 and 275.
11
What is the highest common factor of 945 and 70?
35
Calculate the greatest common factor of 324 and 16.
4
Calculate the highest common factor of 6 and 14.
2
Calculate the greatest common factor of 2380 and 510.
170
Calculate the greatest common factor of 3381 and 92.
23
What is the highest common divisor of 84 and 404?
4
What is the highest common divisor of 1460 and 1060?
20
What is the greatest common factor of 135 and 15?
15
Calculate the greatest common divisor of 39 and 338.
13
What is the highest common factor of 40 and 135?
5
What is the highest common divisor of 63 and 357?
21
What is the greatest common factor of 12 and 162?
6
Calculate the highest common divisor of 2967 and 69.
69
Calculate the highest common divisor of 6206 and 58.
58
Calculate the greatest common divisor of 144 and 2256.
48
What is the greatest common divisor of 702 and 13?
13
Calculate the highest common divisor of 36 and 13833.
9
Calculate the highest common divisor of 61 and 183.
61
What is the highest common factor of 22280 and 40?
40
What is the greatest common factor of 12 and 128868?
12
What is the highest common divisor of 30 and 270?
30
What is the greatest common divisor of 851 and 74?
37
What is the greatest common divisor of 399 and 504?
21
Calculate the greatest common factor of 32 and 368.
16
What is the highest common divisor of 3173 and 19?
19
What is the greatest common factor of 1224 and 4182?
102
What is the highest common divisor of 746 and 2?
2
What is the highest common factor of 20 and 165?
5
What is the greatest common divisor of 1099 and 7?
7
Calculate the highest common factor of 58880 and 115.
115
Calculate the greatest common factor of 18 and 522.
18
What is the greatest common divisor of 39 and 1300?
13
What is the greatest common divisor of 19 and 9?
1
Calculate the greatest common factor of 10 and 1990.
10
What is the highest common factor of 5 and 14?
1
Calculate the highest common divisor of 7 and 1379.
7
What is the greatest common divisor of 1600 and 700?
100
What is the highest common factor of 12 and 16?
4
Calculate the highest common divisor of 363 and 12.
3
Calculate the highest common divisor of 20 and 128.
4
Calculate the highest common factor of 891 and 407.
11
Calculate the greatest common divisor of 5014 and 184.
46
What is the highest common divisor of 425 and 50?
25
What is the greatest common divisor of 8843 and 37?
37
What is the greatest common factor of 6603 and 142?
71
What is the greatest common factor of 261 and 9?
9
Calculate the highest common divisor of 713 and 1035.
23
What is the highest common factor of 40 and 8?
8
Calculate the highest common factor of 621 and 27.
27
Calculate the greatest common factor of 75 and 1275.
75
Calculate the greatest common factor of 53 and 3869.
53
What is the highest common factor of 63 and 14?
7
What is the highest common divisor of 1716 and 132?
132
What is the greatest common factor of 30 and 345?
15
Calculate the highest common factor of 40 and 24.
8
What is the greatest common factor of 55535 and 29?
29
Calculate the greatest common factor of 770 and 605.
55
What is the greatest common divisor of 24 and 152?
8
Calculate the highest common divisor of 44 and 4796.
44
Calculate the highest common factor of 471 and 6.
3
Calculate the greatest common factor of 158 and 2054.
158
Calculate the greatest common factor of 218 and 7957.